{"id":172,"date":"2018-04-30T14:51:01","date_gmt":"2018-04-30T19:51:01","guid":{"rendered":"https:\/\/ixtlan.izt.uam.mx\/leo\/?page_id=172"},"modified":"2025-12-24T11:05:27","modified_gmt":"2025-12-24T16:05:27","slug":"books","status":"publish","type":"page","link":"https:\/\/ixtlan.izt.uam.mx\/leo\/books\/","title":{"rendered":"Books"},"content":{"rendered":"\n<div class=\"wp-block-media-text alignwide is-stacked-on-mobile\" style=\"grid-template-columns:18% auto\"><figure class=\"wp-block-media-text__media\"><img loading=\"lazy\" decoding=\"async\" width=\"399\" height=\"599\" src=\"https:\/\/ixtlan.izt.uam.mx\/leo\/wp-content\/uploads\/2023\/10\/IMG_0035.jpeg\" alt=\"\" class=\"wp-image-2952 size-full\" srcset=\"https:\/\/ixtlan.izt.uam.mx\/leo\/wp-content\/uploads\/2023\/10\/IMG_0035.jpeg 399w, https:\/\/ixtlan.izt.uam.mx\/leo\/wp-content\/uploads\/2023\/10\/IMG_0035-200x300.jpeg 200w\" sizes=\"auto, (max-width: 399px) 100vw, 399px\" \/><\/figure><div class=\"wp-block-media-text__content\">\n<h3 class=\"wp-block-heading\" id=\"retos-y-perspectivas-de-la-fisica-2017\"><a href=\"https:\/\/ixtlan.izt.uam.mx\/leo\/diffusionbookcodes\/\" target=\"_blank\" rel=\"noreferrer noopener\"><\/a><a href=\"https:\/\/ixtlan.izt.uam.mx\/leo\/diffusionbookcodes\/\">Diffusion Under Confinement: A Journey Through Counterintuition<\/a> (2024)<\/h3>\n\n\n\n<p><em>Diffusion Under Confinement: A Journey Through Counterintuition<\/em><\/p>\n\n\n\n<p><img loading=\"lazy\" decoding=\"async\" width=\"30\" height=\"25\" class=\"wp-image-2632\" style=\"width: 30px;\" src=\"https:\/\/ixtlan.izt.uam.mx\/leo\/wp-content\/uploads\/2022\/02\/Screenshot-from-2022-02-10-14-30-46.png\" alt=\"\"> <a href=\"https:\/\/www.amazon.com.mx\/dp\/3031464745\" target=\"_blank\" rel=\"noreferrer noopener\">https:\/\/www.amazon.com.mx\/dp\/3031464745<\/a><\/p>\n\n\n\n<p><\/p>\n<\/div><\/div>\n\n\n\n<hr class=\"wp-block-separator has-css-opacity\"\/>\n\n\n\n<div class=\"wp-block-media-text alignwide is-stacked-on-mobile\" style=\"grid-template-columns:18% auto\"><figure class=\"wp-block-media-text__media\"><img loading=\"lazy\" decoding=\"async\" width=\"463\" height=\"594\" src=\"https:\/\/ixtlan.izt.uam.mx\/leo\/wp-content\/uploads\/2022\/02\/portada-libro-1.png\" alt=\"\" class=\"wp-image-2643 size-full\" srcset=\"https:\/\/ixtlan.izt.uam.mx\/leo\/wp-content\/uploads\/2022\/02\/portada-libro-1.png 463w, https:\/\/ixtlan.izt.uam.mx\/leo\/wp-content\/uploads\/2022\/02\/portada-libro-1-234x300.png 234w\" sizes=\"auto, (max-width: 463px) 100vw, 463px\" \/><\/figure><div class=\"wp-block-media-text__content\">\n<h3 class=\"wp-block-heading\" id=\"retos-y-perspectivas-de-la-fisica-2017\"><a href=\"https:\/\/ixtlan.izt.uam.mx\/leo\/epidemics-book\/\">Modelos matem\u00e1ticos en epidemiolog\u00eda. Historia, causas y origen de las pandemias (2025)<\/a><\/h3>\n\n\n\n<p><em>Introduction to mathematical models for infectious diseases (Spanish)<\/em><\/p>\n\n\n\n<p><a href=\"https:\/\/casadelibrosabiertos.uam.mx\/gpd-modelos-matematicos-en-epidemiologia-9786072834125.html\" target=\"_blank\" rel=\"noreferrer noopener\">https:\/\/ixtlan.izt.uam.mx\/leo\/codigolibroepidemias\/<\/a><\/p>\n\n\n\n<p><\/p>\n<\/div><\/div>\n\n\n\n<hr class=\"wp-block-separator has-css-opacity\"\/>\n\n\n\n<div class=\"wp-block-media-text alignwide is-stacked-on-mobile\" style=\"grid-template-columns:15% auto\"><figure class=\"wp-block-media-text__media\"><img loading=\"lazy\" decoding=\"async\" width=\"264\" height=\"400\" src=\"https:\/\/ixtlan.izt.uam.mx\/leo\/wp-content\/uploads\/2018\/04\/kplasma.jpg\" alt=\"\" class=\"wp-image-180 size-full\"\/><\/figure><div class=\"wp-block-media-text__content\">\n<h3 class=\"wp-block-heading\" id=\"the-kinetic-theory-of-inert-dilute-plasmas-2010\"><a href=\"https:\/\/www.springer.com\/la\/book\/9781402093296\" target=\"_blank\" rel=\"noreferrer noopener\">The Kinetic Theory of Inert Dilute Plasmas (2010).<\/a><\/h3>\n\n\n\n<p><em>Presents unified formalism to deal with dilute non-equilibrium plasmas.<\/em><\/p>\n<\/div><\/div>\n\n\n\n<hr class=\"wp-block-separator has-css-opacity\"\/>\n\n\n\n<div class=\"wp-block-media-text alignwide is-stacked-on-mobile\" style=\"grid-template-columns:15% auto\"><figure class=\"wp-block-media-text__media\"><img loading=\"lazy\" decoding=\"async\" width=\"300\" height=\"300\" src=\"https:\/\/ixtlan.izt.uam.mx\/leo\/wp-content\/uploads\/2018\/04\/mathematica_esencial.jpg\" alt=\"\" class=\"wp-image-183 size-full\"\/><\/figure><div class=\"wp-block-media-text__content\">\n<h3 class=\"wp-block-heading\" id=\"mathematica-esencial-con-aplicaciones-2010\"><a href=\"http:\/\/www.cbiuami.org\/index.php\/investigacion\/produccion-editorial?id=50\" target=\"_blank\" rel=\"noreferrer noopener\">Mathematica Esencial con aplicaciones (2010).&nbsp;<\/a><\/h3>\n\n\n\n<h3 class=\"wp-block-heading\" id=\"primera-reimpresion-2016\">Primera reimpresi\u00f3n (2016).<\/h3>\n\n\n\n<p><em>This book has been written as first approach to Mathematica software. Aimed for graduate and undergraduate&nbsp;students, scientists, engineers and technicians (Spanish).<\/em><\/p>\n\n\n\n<p>Free download: <a href=\"https:\/\/libroscbi.izt.uam.mx\/index.php\/lcbi\/catalog\/view\/9\/5\/30\" target=\"_blank\" rel=\"noreferrer noopener\">https:\/\/libroscbi.izt.uam.mx\/index.php\/lcbi\/catalog\/view\/9\/5\/30<\/a><\/p>\n<\/div><\/div>\n\n\n\n<hr class=\"wp-block-separator has-css-opacity\"\/>\n\n\n\n<div class=\"wp-block-media-text alignwide is-stacked-on-mobile\" style=\"grid-template-columns:15% auto\"><figure class=\"wp-block-media-text__media\"><img loading=\"lazy\" decoding=\"async\" width=\"2479\" height=\"3508\" src=\"https:\/\/ixtlan.izt.uam.mx\/leo\/wp-content\/uploads\/2018\/04\/page.png\" alt=\"\" class=\"wp-image-189 size-full\"\/><\/figure><div class=\"wp-block-media-text__content\">\n<h3 class=\"wp-block-heading\" id=\"retos-y-perspectivas-de-la-fisica-2017\"><a href=\"https:\/\/www.ccciencias.mx\/librospfcm\/presente_futuro_retos.pdf\" target=\"_blank\" rel=\"noreferrer noopener\">Retos y Perspectivas de la F\u00edsica (2017)<\/a><\/h3>\n\n\n\n<p><em>Complex Systems Physics (Spanish)<\/em><\/p>\n\n\n\n<p><\/p>\n\n\n\n<p><\/p>\n<\/div><\/div>\n\n\n\n<hr class=\"wp-block-separator has-css-opacity\"\/>\n\n\n\n<div class=\"wp-block-media-text alignwide is-stacked-on-mobile\" style=\"grid-template-columns:15% auto\"><figure class=\"wp-block-media-text__media\"><img loading=\"lazy\" decoding=\"async\" width=\"703\" height=\"1078\" src=\"https:\/\/ixtlan.izt.uam.mx\/leo\/wp-content\/uploads\/2018\/05\/teoria-cinetica.jpeg\" alt=\"\" class=\"wp-image-253 size-full\"\/><\/figure><div class=\"wp-block-media-text__content\">\n<h3 class=\"wp-block-heading\" id=\"introduccion-a-la-teoria-cinetica-2011\">Introducci\u00f3n a la teor\u00eda cin\u00e9tica (2011)<\/h3>\n\n\n\n<p><em>Introduction to Kinetic theory (Spanish)<\/em><\/p>\n\n\n\n<p><\/p>\n<\/div><\/div>\n\n\n\n<hr class=\"wp-block-separator has-css-opacity\"\/>\n\n\n\n<div class=\"wp-block-media-text alignwide is-stacked-on-mobile\" style=\"grid-template-columns:15% auto\"><figure class=\"wp-block-media-text__media\"><img loading=\"lazy\" decoding=\"async\" width=\"704\" height=\"1074\" src=\"https:\/\/ixtlan.izt.uam.mx\/leo\/wp-content\/uploads\/2018\/05\/Plasmas.jpeg\" alt=\"\" class=\"wp-image-252 size-full\"\/><\/figure><div class=\"wp-block-media-text__content\">\n<h3 class=\"wp-block-heading\" id=\"la-teoria-cinetica-de-un-plasma-diluido-ionizado-2011\">La teor\u00eda cin\u00e9tica de un plasma diluido ionizado (2011)<\/h3>\n\n\n\n<p><em>Kinetic theory of a ionized diluted plasma (Spanish)<\/em><\/p>\n\n\n\n<p><\/p>\n\n\n\n<p><\/p>\n<\/div><\/div>\n\n\n\n<hr class=\"wp-block-separator has-css-opacity\"\/>\n<!-- AddThis Advanced Settings generic via filter on the_content --><!-- AddThis Share Buttons generic via filter on the_content -->","protected":false},"excerpt":{"rendered":"<p>Diffusion Under Confinement: A Journey Through Counterintuition (2024) Diffusion Under Confinement: A Journey Through Counterintuition https:\/\/www.amazon.com.mx\/dp\/3031464745 Modelos matem\u00e1ticos en epidemiolog\u00eda. Historia, causas y origen de las pandemias (2025) Introduction to mathematical models for infectious diseases (Spanish) https:\/\/ixtlan.izt.uam.mx\/leo\/codigolibroepidemias\/ The Kinetic Theory of Inert Dilute Plasmas (2010). Presents unified formalism to deal with dilute non-equilibrium plasmas. Mathematica [&hellip;]<!-- AddThis Advanced Settings generic via filter on get_the_excerpt --><!-- AddThis Share Buttons generic via filter on get_the_excerpt --><\/p>\n","protected":false},"author":1,"featured_media":0,"parent":0,"menu_order":0,"comment_status":"closed","ping_status":"closed","template":"page-fullwidth.php","meta":{"footnotes":""},"class_list":["post-172","page","type-page","status-publish","hentry"],"yoast_head":"<!-- This site is optimized with the Yoast SEO plugin v27.5 - https:\/\/yoast.com\/product\/yoast-seo-wordpress\/ -->\n<title>Books - LEONARDO DAGDUG<\/title>\n<meta name=\"robots\" content=\"index, follow, max-snippet:-1, max-image-preview:large, max-video-preview:-1\" \/>\n<link rel=\"canonical\" href=\"https:\/\/ixtlan.izt.uam.mx\/leo\/books\/\" \/>\n<meta property=\"og:locale\" content=\"en_US\" \/>\n<meta property=\"og:type\" content=\"article\" \/>\n<meta property=\"og:title\" content=\"Books - LEONARDO DAGDUG\" \/>\n<meta property=\"og:description\" content=\"Diffusion Under Confinement: A Journey Through Counterintuition (2024) Diffusion Under Confinement: A Journey Through Counterintuition https:\/\/www.amazon.com.mx\/dp\/3031464745 Modelos matem\u00e1ticos en epidemiolog\u00eda. Historia, causas y origen de las pandemias (2025) Introduction to mathematical models for infectious diseases (Spanish) https:\/\/ixtlan.izt.uam.mx\/leo\/codigolibroepidemias\/ The Kinetic Theory of Inert Dilute Plasmas (2010). Presents unified formalism to deal with dilute non-equilibrium plasmas. Mathematica [&hellip;]\" \/>\n<meta property=\"og:url\" content=\"https:\/\/ixtlan.izt.uam.mx\/leo\/books\/\" \/>\n<meta property=\"og:site_name\" content=\"LEONARDO DAGDUG\" \/>\n<meta property=\"article:modified_time\" content=\"2025-12-24T16:05:27+00:00\" \/>\n<meta property=\"og:image\" content=\"https:\/\/ixtlan.izt.uam.mx\/leo\/wp-content\/uploads\/2023\/10\/IMG_0035.jpeg\" \/>\n\t<meta property=\"og:image:width\" content=\"399\" \/>\n\t<meta property=\"og:image:height\" content=\"599\" \/>\n\t<meta property=\"og:image:type\" content=\"image\/jpeg\" \/>\n<meta name=\"twitter:card\" content=\"summary_large_image\" \/>\n<meta name=\"twitter:label1\" content=\"Est. reading time\" \/>\n\t<meta name=\"twitter:data1\" content=\"3 minutes\" \/>\n<script type=\"application\/ld+json\" class=\"yoast-schema-graph\">{\"@context\":\"https:\\\/\\\/schema.org\",\"@graph\":[{\"@type\":\"WebPage\",\"@id\":\"https:\\\/\\\/ixtlan.izt.uam.mx\\\/leo\\\/books\\\/\",\"url\":\"https:\\\/\\\/ixtlan.izt.uam.mx\\\/leo\\\/books\\\/\",\"name\":\"Books - LEONARDO DAGDUG\",\"isPartOf\":{\"@id\":\"https:\\\/\\\/ixtlan.izt.uam.mx\\\/leo\\\/#website\"},\"primaryImageOfPage\":{\"@id\":\"https:\\\/\\\/ixtlan.izt.uam.mx\\\/leo\\\/books\\\/#primaryimage\"},\"image\":{\"@id\":\"https:\\\/\\\/ixtlan.izt.uam.mx\\\/leo\\\/books\\\/#primaryimage\"},\"thumbnailUrl\":\"https:\\\/\\\/ixtlan.izt.uam.mx\\\/leo\\\/wp-content\\\/uploads\\\/2023\\\/10\\\/IMG_0035.jpeg\",\"datePublished\":\"2018-04-30T19:51:01+00:00\",\"dateModified\":\"2025-12-24T16:05:27+00:00\",\"breadcrumb\":{\"@id\":\"https:\\\/\\\/ixtlan.izt.uam.mx\\\/leo\\\/books\\\/#breadcrumb\"},\"inLanguage\":\"en-US\",\"potentialAction\":[{\"@type\":\"ReadAction\",\"target\":[\"https:\\\/\\\/ixtlan.izt.uam.mx\\\/leo\\\/books\\\/\"]}]},{\"@type\":\"ImageObject\",\"inLanguage\":\"en-US\",\"@id\":\"https:\\\/\\\/ixtlan.izt.uam.mx\\\/leo\\\/books\\\/#primaryimage\",\"url\":\"https:\\\/\\\/ixtlan.izt.uam.mx\\\/leo\\\/wp-content\\\/uploads\\\/2023\\\/10\\\/IMG_0035.jpeg\",\"contentUrl\":\"https:\\\/\\\/ixtlan.izt.uam.mx\\\/leo\\\/wp-content\\\/uploads\\\/2023\\\/10\\\/IMG_0035.jpeg\",\"width\":399,\"height\":599},{\"@type\":\"BreadcrumbList\",\"@id\":\"https:\\\/\\\/ixtlan.izt.uam.mx\\\/leo\\\/books\\\/#breadcrumb\",\"itemListElement\":[{\"@type\":\"ListItem\",\"position\":1,\"name\":\"Home\",\"item\":\"https:\\\/\\\/ixtlan.izt.uam.mx\\\/leo\\\/\"},{\"@type\":\"ListItem\",\"position\":2,\"name\":\"Books\"}]},{\"@type\":\"WebSite\",\"@id\":\"https:\\\/\\\/ixtlan.izt.uam.mx\\\/leo\\\/#website\",\"url\":\"https:\\\/\\\/ixtlan.izt.uam.mx\\\/leo\\\/\",\"name\":\"LEONARDO DAGDUG\",\"description\":\"Professional website\",\"potentialAction\":[{\"@type\":\"SearchAction\",\"target\":{\"@type\":\"EntryPoint\",\"urlTemplate\":\"https:\\\/\\\/ixtlan.izt.uam.mx\\\/leo\\\/?s={search_term_string}\"},\"query-input\":{\"@type\":\"PropertyValueSpecification\",\"valueRequired\":true,\"valueName\":\"search_term_string\"}}],\"inLanguage\":\"en-US\"}]}<\/script>\n<!-- \/ Yoast SEO plugin. -->","yoast_head_json":{"title":"Books - LEONARDO DAGDUG","robots":{"index":"index","follow":"follow","max-snippet":"max-snippet:-1","max-image-preview":"max-image-preview:large","max-video-preview":"max-video-preview:-1"},"canonical":"https:\/\/ixtlan.izt.uam.mx\/leo\/books\/","og_locale":"en_US","og_type":"article","og_title":"Books - LEONARDO DAGDUG","og_description":"Diffusion Under Confinement: A Journey Through Counterintuition (2024) Diffusion Under Confinement: A Journey Through Counterintuition https:\/\/www.amazon.com.mx\/dp\/3031464745 Modelos matem\u00e1ticos en epidemiolog\u00eda. Historia, causas y origen de las pandemias (2025) Introduction to mathematical models for infectious diseases (Spanish) https:\/\/ixtlan.izt.uam.mx\/leo\/codigolibroepidemias\/ The Kinetic Theory of Inert Dilute Plasmas (2010). Presents unified formalism to deal with dilute non-equilibrium plasmas. Mathematica [&hellip;]","og_url":"https:\/\/ixtlan.izt.uam.mx\/leo\/books\/","og_site_name":"LEONARDO DAGDUG","article_modified_time":"2025-12-24T16:05:27+00:00","og_image":[{"width":399,"height":599,"url":"https:\/\/ixtlan.izt.uam.mx\/leo\/wp-content\/uploads\/2023\/10\/IMG_0035.jpeg","type":"image\/jpeg"}],"twitter_card":"summary_large_image","twitter_misc":{"Est. reading time":"3 minutes"},"schema":{"@context":"https:\/\/schema.org","@graph":[{"@type":"WebPage","@id":"https:\/\/ixtlan.izt.uam.mx\/leo\/books\/","url":"https:\/\/ixtlan.izt.uam.mx\/leo\/books\/","name":"Books - LEONARDO DAGDUG","isPartOf":{"@id":"https:\/\/ixtlan.izt.uam.mx\/leo\/#website"},"primaryImageOfPage":{"@id":"https:\/\/ixtlan.izt.uam.mx\/leo\/books\/#primaryimage"},"image":{"@id":"https:\/\/ixtlan.izt.uam.mx\/leo\/books\/#primaryimage"},"thumbnailUrl":"https:\/\/ixtlan.izt.uam.mx\/leo\/wp-content\/uploads\/2023\/10\/IMG_0035.jpeg","datePublished":"2018-04-30T19:51:01+00:00","dateModified":"2025-12-24T16:05:27+00:00","breadcrumb":{"@id":"https:\/\/ixtlan.izt.uam.mx\/leo\/books\/#breadcrumb"},"inLanguage":"en-US","potentialAction":[{"@type":"ReadAction","target":["https:\/\/ixtlan.izt.uam.mx\/leo\/books\/"]}]},{"@type":"ImageObject","inLanguage":"en-US","@id":"https:\/\/ixtlan.izt.uam.mx\/leo\/books\/#primaryimage","url":"https:\/\/ixtlan.izt.uam.mx\/leo\/wp-content\/uploads\/2023\/10\/IMG_0035.jpeg","contentUrl":"https:\/\/ixtlan.izt.uam.mx\/leo\/wp-content\/uploads\/2023\/10\/IMG_0035.jpeg","width":399,"height":599},{"@type":"BreadcrumbList","@id":"https:\/\/ixtlan.izt.uam.mx\/leo\/books\/#breadcrumb","itemListElement":[{"@type":"ListItem","position":1,"name":"Home","item":"https:\/\/ixtlan.izt.uam.mx\/leo\/"},{"@type":"ListItem","position":2,"name":"Books"}]},{"@type":"WebSite","@id":"https:\/\/ixtlan.izt.uam.mx\/leo\/#website","url":"https:\/\/ixtlan.izt.uam.mx\/leo\/","name":"LEONARDO DAGDUG","description":"Professional website","potentialAction":[{"@type":"SearchAction","target":{"@type":"EntryPoint","urlTemplate":"https:\/\/ixtlan.izt.uam.mx\/leo\/?s={search_term_string}"},"query-input":{"@type":"PropertyValueSpecification","valueRequired":true,"valueName":"search_term_string"}}],"inLanguage":"en-US"}]}},"jetpack_shortlink":"https:\/\/wp.me\/P9TEcG-2M","jetpack_sharing_enabled":true,"_links":{"self":[{"href":"https:\/\/ixtlan.izt.uam.mx\/leo\/wp-json\/wp\/v2\/pages\/172","targetHints":{"allow":["GET"]}}],"collection":[{"href":"https:\/\/ixtlan.izt.uam.mx\/leo\/wp-json\/wp\/v2\/pages"}],"about":[{"href":"https:\/\/ixtlan.izt.uam.mx\/leo\/wp-json\/wp\/v2\/types\/page"}],"author":[{"embeddable":true,"href":"https:\/\/ixtlan.izt.uam.mx\/leo\/wp-json\/wp\/v2\/users\/1"}],"replies":[{"embeddable":true,"href":"https:\/\/ixtlan.izt.uam.mx\/leo\/wp-json\/wp\/v2\/comments?post=172"}],"version-history":[{"count":48,"href":"https:\/\/ixtlan.izt.uam.mx\/leo\/wp-json\/wp\/v2\/pages\/172\/revisions"}],"predecessor-version":[{"id":4011,"href":"https:\/\/ixtlan.izt.uam.mx\/leo\/wp-json\/wp\/v2\/pages\/172\/revisions\/4011"}],"wp:attachment":[{"href":"https:\/\/ixtlan.izt.uam.mx\/leo\/wp-json\/wp\/v2\/media?parent=172"}],"curies":[{"name":"wp","href":"https:\/\/api.w.org\/{rel}","templated":true}]}}