{"id":402,"date":"2018-05-31T14:39:26","date_gmt":"2018-05-31T19:39:26","guid":{"rendered":"https:\/\/ixtlan.izt.uam.mx\/leo\/?page_id=402"},"modified":"2021-12-10T17:41:03","modified_gmt":"2021-12-10T22:41:03","slug":"edited-books","status":"publish","type":"page","link":"https:\/\/ixtlan.izt.uam.mx\/leo\/edited-books\/","title":{"rendered":"Edited Books"},"content":{"rendered":"\n<div class=\"wp-block-media-text alignwide is-stacked-on-mobile\" style=\"grid-template-columns:15% auto\"><figure class=\"wp-block-media-text__media\"><img loading=\"lazy\" decoding=\"async\" width=\"1348\" height=\"1733\" src=\"https:\/\/ixtlan.izt.uam.mx\/leo\/wp-content\/uploads\/2018\/05\/cienrelat.png\" alt=\"\" class=\"wp-image-417 size-full\"\/><\/figure><div class=\"wp-block-media-text__content\">\n<h3 class=\"wp-block-heading\"><a href=\"https:\/\/ixtlan.izt.uam.mx\/leo\/wp-content\/uploads\/2018\/05\/cien_teoria_cinetica.pdf\" target=\"_blank\" rel=\"noreferrer noopener\">100 a\u00f1os de teor\u00eda cin\u00e9tica relativista (2013).<\/a><\/h3>\n\n\n\n<p><em>(Spanish<\/em>)<\/p>\n<\/div><\/div>\n\n\n\n<hr class=\"wp-block-separator\"\/>\n\n\n\n<div class=\"wp-block-media-text alignwide is-stacked-on-mobile\" style=\"grid-template-columns:15% auto\"><figure class=\"wp-block-media-text__media\"><img loading=\"lazy\" decoding=\"async\" width=\"329\" height=\"500\" src=\"https:\/\/ixtlan.izt.uam.mx\/leo\/wp-content\/uploads\/2018\/05\/9780735404977-us.jpg\" alt=\"\" class=\"wp-image-409 size-full\"\/><\/figure><div class=\"wp-block-media-text__content\">\n<h3 class=\"wp-block-heading\"><a href=\"https:\/\/aip.scitation.org\/toc\/apc\/1579\/1?expanded=1579\" target=\"_blank\" rel=\"noreferrer noopener\">Special Topics on Transport Theory: Electrons, Waves, and Diffusion in Confined Systems: V Leopoldo Garc\u00eda-Col\u00edn Mexican Meeting on Mathematical and Experimental Physics (2013).<\/a><\/h3>\n\n\n\n<p><\/p>\n<\/div><\/div>\n\n\n\n<hr class=\"wp-block-separator\"\/>\n\n\n\n<div class=\"wp-block-media-text alignwide is-stacked-on-mobile\" style=\"grid-template-columns:15% auto\"><figure class=\"wp-block-media-text__media\"><img loading=\"lazy\" decoding=\"async\" width=\"120\" height=\"178\" src=\"https:\/\/ixtlan.izt.uam.mx\/leo\/wp-content\/uploads\/2018\/05\/7765.cover_.jpg\" alt=\"\" class=\"wp-image-412 size-full\"\/><\/figure><div class=\"wp-block-media-text__content\">\n<h3 class=\"wp-block-heading\"><a href=\"https:\/\/www.worldscientific.com\/worldscibooks\/10.1142\/7765\" target=\"_blank\" rel=\"noreferrer noopener\">New Trends in Statistical Physics (2010).<\/a><\/h3>\n\n\n\n<p><\/p>\n<\/div><\/div>\n\n\n\n<hr class=\"wp-block-separator\"\/>\n\n\n\n<div class=\"wp-block-media-text alignwide is-stacked-on-mobile\" style=\"grid-template-columns:15% auto\"><figure class=\"wp-block-media-text__media\"><img loading=\"lazy\" decoding=\"async\" width=\"329\" height=\"500\" src=\"https:\/\/ixtlan.izt.uam.mx\/leo\/wp-content\/uploads\/2018\/05\/9780735404977-us.jpg\" alt=\"\" class=\"wp-image-409 size-full\"\/><\/figure><div class=\"wp-block-media-text__content\">\n<h3 class=\"wp-block-heading\"><a href=\"https:\/\/aip.scitation.org\/toc\/apc\/1312\/1?expanded=1312\" target=\"_blank\" rel=\"noreferrer noopener\">IV Mexican Meting on Mathematical and Experimental Physics: Relativistic Fluids and Biological Physics (2010).<\/a><\/h3>\n\n\n\n<p><\/p>\n<\/div><\/div>\n\n\n\n<hr class=\"wp-block-separator\"\/>\n\n\n\n<div class=\"wp-block-media-text alignwide is-stacked-on-mobile\" style=\"grid-template-columns:15% auto\"><figure class=\"wp-block-media-text__media\"><img loading=\"lazy\" decoding=\"async\" width=\"359\" height=\"542\" src=\"https:\/\/ixtlan.izt.uam.mx\/leo\/wp-content\/uploads\/2018\/05\/fisbio01.png\" alt=\"\" class=\"wp-image-436 size-full\"\/><\/figure><div class=\"wp-block-media-text__content\">\n<h3 class=\"wp-block-heading\"><a href=\"https:\/\/ixtlan.izt.uam.mx\/leo\/wp-content\/uploads\/2021\/12\/fisica_biologica_01.pdf\" target=\"_blank\" rel=\"noreferrer noopener\">Introducci\u00f3n a la f\u00edsica biol\u00f3gica I (2010).<\/a><\/h3>\n\n\n\n<p><em>(Spanish)<\/em><\/p>\n\n\n\n<p><\/p>\n<\/div><\/div>\n\n\n\n<hr class=\"wp-block-separator\"\/>\n\n\n\n<div class=\"wp-block-media-text alignwide is-stacked-on-mobile\" style=\"grid-template-columns:15% auto\"><figure class=\"wp-block-media-text__media\"><img loading=\"lazy\" decoding=\"async\" width=\"393\" height=\"607\" src=\"https:\/\/ixtlan.izt.uam.mx\/leo\/wp-content\/uploads\/2018\/05\/fisbio02.png\" alt=\"\" class=\"wp-image-437 size-full\"\/><\/figure><div class=\"wp-block-media-text__content\">\n<h3 class=\"wp-block-heading\"><a href=\"https:\/\/ixtlan.izt.uam.mx\/leo\/wp-content\/uploads\/2021\/12\/fisica_biologica_02.pdf\" target=\"_blank\" rel=\"noreferrer noopener\">Introducci\u00f3n a la F\u00edsica Biol\u00f3gica II (2010).<\/a><\/h3>\n\n\n\n<p><em>(Spanish)<\/em><\/p>\n\n\n\n<p><\/p>\n\n\n\n<p><\/p>\n<\/div><\/div>\n\n\n\n<hr class=\"wp-block-separator\"\/>\n\n\n\n<div class=\"wp-block-media-text alignwide is-stacked-on-mobile\" style=\"grid-template-columns:15% auto\"><figure class=\"wp-block-media-text__media\"><img loading=\"lazy\" decoding=\"async\" width=\"402\" height=\"621\" src=\"https:\/\/ixtlan.izt.uam.mx\/leo\/wp-content\/uploads\/2018\/05\/fisbio03.png\" alt=\"\" class=\"wp-image-438 size-full\"\/><\/figure><div class=\"wp-block-media-text__content\">\n<h3 class=\"wp-block-heading\"><a href=\"https:\/\/ixtlan.izt.uam.mx\/leo\/wp-content\/uploads\/2021\/12\/fisica_biologica_03.pdf\" target=\"_blank\" rel=\"noreferrer noopener\">Introducci\u00f3n a la f\u00edsica biol\u00f3gica III (2010).<\/a><\/h3>\n\n\n\n<p><em>(Spanish)<\/em><\/p>\n\n\n\n<p><\/p>\n\n\n\n<p><\/p>\n<\/div><\/div>\n\n\n\n<hr class=\"wp-block-separator\"\/>\n\n\n\n<div class=\"wp-block-media-text alignwide is-stacked-on-mobile\" style=\"grid-template-columns:15% auto\"><figure class=\"wp-block-media-text__media\"><img loading=\"lazy\" decoding=\"async\" width=\"329\" height=\"500\" src=\"https:\/\/ixtlan.izt.uam.mx\/leo\/wp-content\/uploads\/2018\/05\/9780735404977-us.jpg\" alt=\"\" class=\"wp-image-409 size-full\"\/><\/figure><div class=\"wp-block-media-text__content\">\n<h3 class=\"wp-block-heading\"><a href=\"https:\/\/aip.scitation.org\/toc\/apc\/1312\/1?expanded=1312\" target=\"_blank\" rel=\"noreferrer noopener\">Biological Physics<\/a> <a href=\"https:\/\/aip.scitation.org\/toc\/apc\/978\/1?expanded=978\" target=\"_blank\" rel=\"noreferrer noopener\">: 3rd Mexican Meeting on Mathematical and Experimental Physics (2007).<\/a><\/h3>\n\n\n\n<p><\/p>\n\n\n\n<p><\/p>\n\n\n\n<p><\/p>\n<\/div><\/div>\n\n\n\n<hr class=\"wp-block-separator\"\/>\n\n\n\n<div class=\"wp-block-media-text alignwide is-stacked-on-mobile\" style=\"grid-template-columns:15% auto\"><figure class=\"wp-block-media-text__media\"><img loading=\"lazy\" decoding=\"async\" width=\"690\" height=\"1036\" src=\"https:\/\/ixtlan.izt.uam.mx\/leo\/wp-content\/uploads\/2018\/06\/TSFB.png\" alt=\"\" class=\"wp-image-514 size-full\"\/><\/figure><div class=\"wp-block-media-text__content\">\n<h3 class=\"wp-block-heading\">La f\u00edsica biol\u00f3gica en M\u00e9xico. Temas selectos. (2006)<\/h3>\n\n\n\n<p><em>(Spanish)<\/em><\/p>\n\n\n\n<p><\/p>\n\n\n\n<p><\/p>\n<\/div><\/div>\n\n\n\n<hr class=\"wp-block-separator\"\/>\n\n\n\n<div class=\"wp-block-media-text alignwide is-stacked-on-mobile\" style=\"grid-template-columns:15% auto\"><figure class=\"wp-block-media-text__media\"><img loading=\"lazy\" decoding=\"async\" width=\"683\" height=\"1044\" src=\"https:\/\/ixtlan.izt.uam.mx\/leo\/wp-content\/uploads\/2018\/06\/TSFB2.png\" alt=\"\" class=\"wp-image-516 size-full\"\/><\/figure><div class=\"wp-block-media-text__content\">\n<h3 class=\"wp-block-heading\">La f\u00edsica biol\u00f3gica en M\u00e9xico. Temas selectos II. (2008)<\/h3>\n\n\n\n<p><em>(Spanish)<\/em><\/p>\n\n\n\n<p><\/p>\n\n\n\n<p><\/p>\n<\/div><\/div>\n\n\n\n<hr class=\"wp-block-separator\"\/>\n<!-- AddThis Advanced Settings generic via filter on the_content --><!-- AddThis Share Buttons generic via filter on the_content -->","protected":false},"excerpt":{"rendered":"<p>100 a\u00f1os de teor\u00eda cin\u00e9tica relativista (2013). (Spanish) Special Topics on Transport Theory: Electrons, Waves, and Diffusion in Confined Systems: V Leopoldo Garc\u00eda-Col\u00edn Mexican Meeting on Mathematical and Experimental Physics (2013). New Trends in Statistical Physics (2010). IV Mexican Meting on Mathematical and Experimental Physics: Relativistic Fluids and Biological Physics (2010). Introducci\u00f3n a la f\u00edsica [&hellip;]<!-- AddThis Advanced Settings generic via filter on get_the_excerpt --><!-- AddThis Share Buttons generic via filter on get_the_excerpt --><\/p>\n","protected":false},"author":1,"featured_media":0,"parent":0,"menu_order":0,"comment_status":"closed","ping_status":"closed","template":"page-fullwidth.php","meta":{"footnotes":""},"class_list":["post-402","page","type-page","status-publish","hentry"],"yoast_head":"<!-- This site is optimized with the Yoast SEO plugin v27.5 - https:\/\/yoast.com\/product\/yoast-seo-wordpress\/ -->\n<title>Edited Books - LEONARDO DAGDUG<\/title>\n<meta name=\"robots\" content=\"index, follow, max-snippet:-1, max-image-preview:large, max-video-preview:-1\" \/>\n<link rel=\"canonical\" href=\"https:\/\/ixtlan.izt.uam.mx\/leo\/edited-books\/\" \/>\n<meta property=\"og:locale\" content=\"en_US\" \/>\n<meta property=\"og:type\" content=\"article\" \/>\n<meta property=\"og:title\" content=\"Edited Books - LEONARDO DAGDUG\" \/>\n<meta property=\"og:description\" content=\"100 a\u00f1os de teor\u00eda cin\u00e9tica relativista (2013). (Spanish) Special Topics on Transport Theory: Electrons, Waves, and Diffusion in Confined Systems: V Leopoldo Garc\u00eda-Col\u00edn Mexican Meeting on Mathematical and Experimental Physics (2013). New Trends in Statistical Physics (2010). IV Mexican Meting on Mathematical and Experimental Physics: Relativistic Fluids and Biological Physics (2010). Introducci\u00f3n a la f\u00edsica [&hellip;]\" \/>\n<meta property=\"og:url\" content=\"https:\/\/ixtlan.izt.uam.mx\/leo\/edited-books\/\" \/>\n<meta property=\"og:site_name\" content=\"LEONARDO DAGDUG\" \/>\n<meta property=\"article:modified_time\" content=\"2021-12-10T22:41:03+00:00\" \/>\n<meta property=\"og:image\" content=\"https:\/\/ixtlan.izt.uam.mx\/leo\/wp-content\/uploads\/2018\/05\/cienrelat.png\" \/>\n<meta name=\"twitter:card\" content=\"summary_large_image\" \/>\n<meta name=\"twitter:label1\" content=\"Est. reading time\" \/>\n\t<meta name=\"twitter:data1\" content=\"3 minutes\" \/>\n<script type=\"application\/ld+json\" class=\"yoast-schema-graph\">{\"@context\":\"https:\\\/\\\/schema.org\",\"@graph\":[{\"@type\":\"WebPage\",\"@id\":\"https:\\\/\\\/ixtlan.izt.uam.mx\\\/leo\\\/edited-books\\\/\",\"url\":\"https:\\\/\\\/ixtlan.izt.uam.mx\\\/leo\\\/edited-books\\\/\",\"name\":\"Edited Books - LEONARDO DAGDUG\",\"isPartOf\":{\"@id\":\"https:\\\/\\\/ixtlan.izt.uam.mx\\\/leo\\\/#website\"},\"primaryImageOfPage\":{\"@id\":\"https:\\\/\\\/ixtlan.izt.uam.mx\\\/leo\\\/edited-books\\\/#primaryimage\"},\"image\":{\"@id\":\"https:\\\/\\\/ixtlan.izt.uam.mx\\\/leo\\\/edited-books\\\/#primaryimage\"},\"thumbnailUrl\":\"https:\\\/\\\/ixtlan.izt.uam.mx\\\/leo\\\/wp-content\\\/uploads\\\/2018\\\/05\\\/cienrelat.png\",\"datePublished\":\"2018-05-31T19:39:26+00:00\",\"dateModified\":\"2021-12-10T22:41:03+00:00\",\"breadcrumb\":{\"@id\":\"https:\\\/\\\/ixtlan.izt.uam.mx\\\/leo\\\/edited-books\\\/#breadcrumb\"},\"inLanguage\":\"en-US\",\"potentialAction\":[{\"@type\":\"ReadAction\",\"target\":[\"https:\\\/\\\/ixtlan.izt.uam.mx\\\/leo\\\/edited-books\\\/\"]}]},{\"@type\":\"ImageObject\",\"inLanguage\":\"en-US\",\"@id\":\"https:\\\/\\\/ixtlan.izt.uam.mx\\\/leo\\\/edited-books\\\/#primaryimage\",\"url\":\"https:\\\/\\\/ixtlan.izt.uam.mx\\\/leo\\\/wp-content\\\/uploads\\\/2018\\\/05\\\/cienrelat.png\",\"contentUrl\":\"https:\\\/\\\/ixtlan.izt.uam.mx\\\/leo\\\/wp-content\\\/uploads\\\/2018\\\/05\\\/cienrelat.png\",\"width\":1348,\"height\":1733},{\"@type\":\"BreadcrumbList\",\"@id\":\"https:\\\/\\\/ixtlan.izt.uam.mx\\\/leo\\\/edited-books\\\/#breadcrumb\",\"itemListElement\":[{\"@type\":\"ListItem\",\"position\":1,\"name\":\"Home\",\"item\":\"https:\\\/\\\/ixtlan.izt.uam.mx\\\/leo\\\/\"},{\"@type\":\"ListItem\",\"position\":2,\"name\":\"Edited Books\"}]},{\"@type\":\"WebSite\",\"@id\":\"https:\\\/\\\/ixtlan.izt.uam.mx\\\/leo\\\/#website\",\"url\":\"https:\\\/\\\/ixtlan.izt.uam.mx\\\/leo\\\/\",\"name\":\"LEONARDO DAGDUG\",\"description\":\"Professional website\",\"potentialAction\":[{\"@type\":\"SearchAction\",\"target\":{\"@type\":\"EntryPoint\",\"urlTemplate\":\"https:\\\/\\\/ixtlan.izt.uam.mx\\\/leo\\\/?s={search_term_string}\"},\"query-input\":{\"@type\":\"PropertyValueSpecification\",\"valueRequired\":true,\"valueName\":\"search_term_string\"}}],\"inLanguage\":\"en-US\"}]}<\/script>\n<!-- \/ Yoast SEO plugin. -->","yoast_head_json":{"title":"Edited Books - LEONARDO DAGDUG","robots":{"index":"index","follow":"follow","max-snippet":"max-snippet:-1","max-image-preview":"max-image-preview:large","max-video-preview":"max-video-preview:-1"},"canonical":"https:\/\/ixtlan.izt.uam.mx\/leo\/edited-books\/","og_locale":"en_US","og_type":"article","og_title":"Edited Books - LEONARDO DAGDUG","og_description":"100 a\u00f1os de teor\u00eda cin\u00e9tica relativista (2013). (Spanish) Special Topics on Transport Theory: Electrons, Waves, and Diffusion in Confined Systems: V Leopoldo Garc\u00eda-Col\u00edn Mexican Meeting on Mathematical and Experimental Physics (2013). New Trends in Statistical Physics (2010). IV Mexican Meting on Mathematical and Experimental Physics: Relativistic Fluids and Biological Physics (2010). Introducci\u00f3n a la f\u00edsica [&hellip;]","og_url":"https:\/\/ixtlan.izt.uam.mx\/leo\/edited-books\/","og_site_name":"LEONARDO DAGDUG","article_modified_time":"2021-12-10T22:41:03+00:00","og_image":[{"url":"https:\/\/ixtlan.izt.uam.mx\/leo\/wp-content\/uploads\/2018\/05\/cienrelat.png","type":"","width":"","height":""}],"twitter_card":"summary_large_image","twitter_misc":{"Est. reading time":"3 minutes"},"schema":{"@context":"https:\/\/schema.org","@graph":[{"@type":"WebPage","@id":"https:\/\/ixtlan.izt.uam.mx\/leo\/edited-books\/","url":"https:\/\/ixtlan.izt.uam.mx\/leo\/edited-books\/","name":"Edited Books - LEONARDO DAGDUG","isPartOf":{"@id":"https:\/\/ixtlan.izt.uam.mx\/leo\/#website"},"primaryImageOfPage":{"@id":"https:\/\/ixtlan.izt.uam.mx\/leo\/edited-books\/#primaryimage"},"image":{"@id":"https:\/\/ixtlan.izt.uam.mx\/leo\/edited-books\/#primaryimage"},"thumbnailUrl":"https:\/\/ixtlan.izt.uam.mx\/leo\/wp-content\/uploads\/2018\/05\/cienrelat.png","datePublished":"2018-05-31T19:39:26+00:00","dateModified":"2021-12-10T22:41:03+00:00","breadcrumb":{"@id":"https:\/\/ixtlan.izt.uam.mx\/leo\/edited-books\/#breadcrumb"},"inLanguage":"en-US","potentialAction":[{"@type":"ReadAction","target":["https:\/\/ixtlan.izt.uam.mx\/leo\/edited-books\/"]}]},{"@type":"ImageObject","inLanguage":"en-US","@id":"https:\/\/ixtlan.izt.uam.mx\/leo\/edited-books\/#primaryimage","url":"https:\/\/ixtlan.izt.uam.mx\/leo\/wp-content\/uploads\/2018\/05\/cienrelat.png","contentUrl":"https:\/\/ixtlan.izt.uam.mx\/leo\/wp-content\/uploads\/2018\/05\/cienrelat.png","width":1348,"height":1733},{"@type":"BreadcrumbList","@id":"https:\/\/ixtlan.izt.uam.mx\/leo\/edited-books\/#breadcrumb","itemListElement":[{"@type":"ListItem","position":1,"name":"Home","item":"https:\/\/ixtlan.izt.uam.mx\/leo\/"},{"@type":"ListItem","position":2,"name":"Edited Books"}]},{"@type":"WebSite","@id":"https:\/\/ixtlan.izt.uam.mx\/leo\/#website","url":"https:\/\/ixtlan.izt.uam.mx\/leo\/","name":"LEONARDO DAGDUG","description":"Professional website","potentialAction":[{"@type":"SearchAction","target":{"@type":"EntryPoint","urlTemplate":"https:\/\/ixtlan.izt.uam.mx\/leo\/?s={search_term_string}"},"query-input":{"@type":"PropertyValueSpecification","valueRequired":true,"valueName":"search_term_string"}}],"inLanguage":"en-US"}]}},"jetpack_shortlink":"https:\/\/wp.me\/P9TEcG-6u","jetpack_sharing_enabled":true,"_links":{"self":[{"href":"https:\/\/ixtlan.izt.uam.mx\/leo\/wp-json\/wp\/v2\/pages\/402","targetHints":{"allow":["GET"]}}],"collection":[{"href":"https:\/\/ixtlan.izt.uam.mx\/leo\/wp-json\/wp\/v2\/pages"}],"about":[{"href":"https:\/\/ixtlan.izt.uam.mx\/leo\/wp-json\/wp\/v2\/types\/page"}],"author":[{"embeddable":true,"href":"https:\/\/ixtlan.izt.uam.mx\/leo\/wp-json\/wp\/v2\/users\/1"}],"replies":[{"embeddable":true,"href":"https:\/\/ixtlan.izt.uam.mx\/leo\/wp-json\/wp\/v2\/comments?post=402"}],"version-history":[{"count":52,"href":"https:\/\/ixtlan.izt.uam.mx\/leo\/wp-json\/wp\/v2\/pages\/402\/revisions"}],"predecessor-version":[{"id":2620,"href":"https:\/\/ixtlan.izt.uam.mx\/leo\/wp-json\/wp\/v2\/pages\/402\/revisions\/2620"}],"wp:attachment":[{"href":"https:\/\/ixtlan.izt.uam.mx\/leo\/wp-json\/wp\/v2\/media?parent=402"}],"curies":[{"name":"wp","href":"https:\/\/api.w.org\/{rel}","templated":true}]}}